ded by n(v)?
8
Let t be (2 - 5)/(9/(-12)). Suppose -28 = -5*c - 2*z, -4*z = c - 4*c - t. What is the remainder when 7 is divided by c?
3
Let o(j) = -420*j**3 + 2*j**2 - 1. Let w be o(-1). Let z = -299 + w. Let q = z - 80. What is the remainder when q is divided by 11?
9
Let t be 2/(-5) - (-185)/25. Let o = t + -6. Suppose -3*m = y - 2*m - 11, -2*y + o = -5*m. What is the remainder when 15 is divided by y?
7
Suppose -5*r - 4*z + 169 = 0, -137 = -4*r + 3*z - 8*z. Suppose 2*w = -4*a + 3*a + r, -63 = -3*w + 3*a. Calculate the remainder when 52 is divided by w.
16
Let r = -15 - -23. What is the remainder when 23 is divided by r?
7
Suppose 2*v + v = 0. Suppose 3*d - 6*k + 3*k - 33 = v, 2*d = -2*k + 26. Calculate the remainder when 10 is divided by 2/3 - (-64)/d.
4
Suppose -9 = -4*m - 1. Let q(j) = 17 + j + m*j - 4*j. What is the remainder when 32 is divided by q(0)?
15
Suppose 0 = 4*t - 3*p + 83, t = -5*p - 5 - 10. Let i be (t/3)/(2/(-6)). Suppose -i = -2*m + m. Calculate the remainder when m is divided by 7.
6
Suppose 0 = 4*b + 3*o + 3, 0 = -b + 5*o + 43 - 15. Calculate the remainder when -2 - (-112)/(12/b) is divided by 9.
8
Let g(l) = 17*l + 1. Let d be g(3). Let o = -37 + d. What is the remainder when o is divided by 4?
3
Suppose 3*c - 14 - 10 = 3*f, 0 = 4*f. Let k be (-3)/(3/478) - 2. What is the remainder when k/(-35) - (-2)/7 is divided by c?
6
Let h = 41 - 12. Calculate the remainder when 57 is divided by h.
28
Let v = 20 - 16. Calculate the remainder when 14 is divided by v.
2
Suppose -7*j + 2*j + 340 = 0. Calculate the remainder when j is divided by 18.
14
Let u(w) = -w**2 - w + 1. Suppose 0 = 5*i - 3*b - 9, 4*i + 2*b + 2*b = -12. Let d(x) = x + 1. What is the remainder when u(0) is divided by d(i)?
0
Suppose 0 = -5*m - 2*t + 478, 0 = -0*m - 3*m + t + 289. What is the remainder when m is divided by 25?
21
Suppose -16*o - 43 + 1131 = 0. Calculate the remainder when o is divided by 37.
31
Calculate the remainder when 172 is divided by 3/(3/29)*(0 - -1).
27
Let s(r) = 2*r - 1. Calculate the remainder when (-4 - -22) + (-3 - -7)/(-4) is divided by s(3).
2
Calculate the remainder when 45 is divided by ((-6)/(-12))/((-3)/(-72)).
9
Calculate the remainder when 147/14 - (-2)/(-4) is divided by 3.
1
Suppose -5*g - 14 = 11, 2*k - 3*g = 9. Suppose 36 = 4*p - 3*j + 5*j, -3*p = 5*j - 27. What is the remainder when p is divided by (3/(-4))/(k/12)?
0
Suppose -246 = -5*f - 96. Calculate the remainder when 116 is divided by f.
26
What is the remainder when 7 is divided by (-1 - -3)/(2/5)?
2
Suppose 0 = 11*j - 8*j - 12. What is the remainder when (22/(-3))/((-2)/3) is divided by j?
3
Let v(x) = x**2 + 11*x - 3. Calculate the remainder when 66 is divided by v(-13).
20
Let q = 36 + -29. Suppose 0 = -4*p + k + 64 - 17, 5*p = -3*k + 46. What is the remainder when p is divided by q?
4
Suppose -80 = -6*w + w + 5*a, 0 = -2*a - 2. Let s(x) = -x**3 + 8*x**2 - 5. Calculate the remainder when s(7) is divided by w.
14
Suppose -2*p = -4*p - 62. Let d = p + 46. What is the remainder when 43 is divided by d?
13
Let r = 81 + -49. Calculate the remainder when r is divided by 7.
4
Suppose -7*n - n + 104 = 0. What is the remainder when 25 is divided by n?
12
Let k = -114 + 191. Suppose -3*a + 22 + k = 0. What is the remainder when a is divided by (-2)/4*2 + 10?
6
Let x = 70 - 57. What is the remainder when 115 is divided by x?
11
Suppose -4*t + 108 = -u - 3*u, 0 = -t - u + 19. What is the remainder when t is divided by 4?
3
Let h(b) = -b + 7. Suppose 2*z - 12 = -2*z. What is the remainder when h(0) is divided by z?
1
Let m(v) = v**3 - 7*v**2 - 8*v + 9. Suppose 15 = -0*l + 5*l. What is the remainder when m(8) is divided by l?
0
Suppose 0 = -5*k + 25, 5*k = -5*d + 6*d - 5. What is the remainder when 208 is divided by d?
28
Let t = -16 + 61. Suppose -f - t = u - 5*u, 15 = u - 4*f. Calculate the remainder when 1 + 0 + 28 + 2 is divided by u.
9
Let l = 82 - 63. Calculate the remainder when l is divided by 7.
5
Suppose -4*v + 39 = -v. Suppose -4*y + 6 = -22. Calculate the remainder when v is divided by y.
6
Let w = 67 + -40. Suppose -u + 3*m + 50 = 0, -4*m - 96 = -3*u + u. Suppose 4*h = 12 + u. Calculate the remainder when w is divided by h.
13
Suppose 0*s - 4 = -p - s, 0 = -3*p - 2*s + 8. Let f = 8 - p. Calculate the remainder when 13 is divided by f.
5
Suppose 46 = 5*y + 1. Calculate the remainder when 61 is divided by (128/(-12))/((-6)/y).
13
Let c = 124 + -83. Calculate the remainder when 116 is divided by c.
34
Let x = -16 - -37. Calculate the remainder when 60 is divided by x.
18
Suppose 3*r + x = 59, 0 = -2*r + r + x + 17. What is the remainder when r is divided by 10?
9
Suppose -2*h - 16 = 2*h. Let j(g) = g**2 + 4*g + 2. What is the remainder when j(h) is divided by 1?
0
Let r(i) = 2 - 5*i - 2*i**2 - 3*i + 5*i - i**3. What is the remainder when r(-3) is divided by (-75)/(-7) - 4/(-14)?
9
Let z = -42 + 58. Calculate the remainder when 76 is divided by z.
12
Suppose 32 - 2 = 2*y. What is the remainder when 55 is divided by y?
10
Let c(p) = -p**3 + 8*p**2 + 2*p + 11. Calculate the remainder when 78 is divided by c(8).
24
Let c = 7 + -5. Suppose 0*o - 32 = -c*o + 5*k, 0 = o - 5*k - 21. Calculate the remainder when 41 is divided by o.
8
Let t = 6 - 4. Suppose t*l - 424 = -2*l. Let v = l + -75. Calculate the remainder when v is divided by 16.
15
Let t(y) = y**3 - 5*y**2 + 3. Suppose 0 = d - 3*d - 2*l + 14, 5*d - 51 = -l. What is the remainder when d is divided by t(5)?
2
Let f(w) = w**2. What is the remainder when 12 is divided by f(2)?
0
Suppose -125 = -l - l - 3*r, -2*l + 107 = -3*r. Let t(o) = -o**3 - 8*o**2 - 4*o - 12. Calculate the remainder when l is divided by t(-8).
18
Let g = -21 - -41. Let b(f) = f**3 - 17*f**2 + 20*f - 5. Calculate the remainder when b(16) is divided by g.
19
Let x(l) = 5*l - 1. Let p be x(-1). Let k = -4 - p. What is the remainder when ((-14)/(-7))/(k/50) is divided by 17?
16
Let r(b) be the first derivative of -5*b**2/2 - 7*b - 2. What is the remainder when 34 is divided by r(-5)?
16
Calculate the remainder when 49 is divided by 4 + (-3 - -4)*6.
9
Let k = 44 + -30. Calculate the remainder when 53 is divided by k.
11
Let c = -8 + 34. What is the remainder when 77 is divided by c?
25
Calculate the remainder when 23 is divided by 232/20 + (-6)/(-15).
11
Let j = -18 - -27. Calculate the remainder when 34 is divided by j.
7
Let k(x) = 2*x + 5. Calculate the remainder when 54 is divided by k(7).
16
Let j(t) = -t**3 - 5*t**2 - 3*t + 2. Let g be j(-4). Let c be (-1 + g - -4)*37. Calculate the remainder when 19 is divided by c/7 + (-4)/14.
4
Calculate the remainder when 23 is divided by ((-30)/(-24))/((-2)/(-8)).
3
Let h(g) = g**2 - 1. Let s(q) = -q**2 - 16*q + 2. Calculate the remainder when h(-2) is divided by s(-16).
1
What is the remainder when 2655/35 - (-1)/7 is divided by 11?
10
Let a(x) = x**2 - 7*x + 9. Let t be a(6). Suppose -8 = -t*j - j. Suppose 0*d = -s + 3*d + 6, 0 = -j*s + 3*d + 15. What is the remainder when 24 is divided by s?
6
Suppose 4*x - v = -65, 4*x + 4*v - 2 = -82. Let a = 18 - x. Suppose -w - 2*y + 28 = 10, 0 = -5*w + 2*y + 90. Calculate the remainder when a is divided by w.
17
Let u = 0 - -5. Let z = u + -3. Suppose -3 = g + 2*r, -5 + 2 = -3*g - 3*r. Calculate the remainder when g is divided by z.
1
Suppose 2*w + 180 = -3*w. Let i = -19 - w. What is the remainder when 33 is divided by i?
16
Suppose -14 - 1 = -3*w. Suppose -3*t + w*t - 16 = 0. Suppose -7*d = -3*d - t. What is the remainder when d is divided by 1?
0
Let h = -117 - -210. Let u = h + -55. Let p = 12 + 8. Calculate the remainder when u is divided by p.
18
Let z be 15/2*68/(-6). Let d = z - -119. Calculate the remainder when d is divided by 18.
16
Suppose -48 = 4*r - 9*r - 3*q, -3*r + 5*q + 56 = 0. Calculate the remainder when ((-2)/2 + 2)*35 is divided by r.
11
Let x(a) = -2*a - 6. Let m be x(-6). Suppose z - s = m + 7, s = 5*z - 61. What is the remainder when (-17 - 0)/((-1)/2) is divided by z?
10
Suppose 63 + 276 = 3*y. What is the remainder when y is divided by 29?
26
Suppose -z - 6 = -0*z - 2*q, -8 = -2*q. Suppose 0 = z*d + d. Suppose -2*t + 5*p = -0*t - 22, d = -5*p - 20. What is the remainder when 1 is divided by t?
0
Let k = 3 + 27. Suppose 80 - k = a. Let f =